 Calculate the highest common factor of d and 32.
8
Suppose 2*r + 272 = -4*k, 3*k + 2*k + 3*r + 342 = 0. Let v be (0 - -1 - -3) + 70. Let q = v + k. Calculate the greatest common divisor of 56 and q.
8
Suppose 6*h + 240 = 10*h. Suppose 3*x = -1713 + 3333. Calculate the highest common divisor of h and x.
60
Let p(g) = 5*g + 75. Let t be p(-12). Let h be (1/2)/1*(t + -7). What is the greatest common factor of 8 and h?
4
Let b(w) = 8*w**2 - 27*w + 7. Let m be b(4). Let t be 18/m*42/4. Calculate the greatest common factor of t and 175.
7
Suppose -14*i = -194*i + 5760. Let k(m) = -m**2 - m + 12. Let d be k(-5). Let t be (-12)/d*(-32)/(-3). Calculate the greatest common divisor of i and t.
16
Let g be 1/1 - (-7380)/30. Let y = 249 - g. What is the highest common divisor of 82 and y?
2
Let r(f) = -f**3 - 6*f**2 + 9*f + 5. Let n be r(-6). Let q = 54 + n. Let l be (88 - -2)/q + 2. What is the highest common factor of 30 and l?
10
Let p be (-5598)/(-7) - (-4)/14. Let s be (-36)/24*(-200)/36*(1 - -2). Calculate the greatest common factor of s and p.
25
Let p = -266 - -269. Suppose 3*v - 126 = -5*q, -2*v = 5*q - p*q - 52. What is the highest common factor of q and 204?
12
Let z(s) = -14*s - 5. Let m(f) = -f + 1. Let b(h) = -4*m(h) + z(h). Let j be b(-2). Suppose 261 = 5*q - 179. What is the highest common divisor of q and j?
11
Suppose 17*u = 15*u + 4*a + 274, 4*a = u - 149. Let w be 0*(-3)/12 + 1 - -224. What is the greatest common divisor of u and w?
25
Let z = 2693 - -2034. What is the highest common factor of 326 and z?
163
Suppose -4*q - 30 = -10*q. Let t be (((-98)/(-21))/14)/((-2)/(-2190)). Suppose -t = -q*x - 5. What is the greatest common factor of x and 9?
9
Suppose -5*j = 0, 3*a + 5*j + 570 = 2*j. Let o = a + 228. What is the highest common factor of 57 and o?
19
Let x = -4106 + 5986. What is the greatest common factor of 30 and x?
10
Suppose 45*c = 38*c + 98. Suppose -c*j + 11 = -87. What is the greatest common factor of j and 35?
7
Suppose -54*a + 58*a = -12. Let m be 10/a*(-594)/165. Calculate the highest common divisor of 348 and m.
12
Let c = -542 - -558. Suppose c*k - 17*k = -4*h + 276, -4*k = -5*h + 334. Calculate the highest common divisor of 98 and h.
14
Let p be 225/(-6)*(-63)/((-189)/(-158)). What is the highest common divisor of 553 and p?
79
Let q(r) = -63*r - 112. Let p be q(-19). What is the greatest common divisor of 70 and p?
35
Let a be 5/(-15) + 82/3. Let t = 54 - a. Suppose 2*m - 3 + 67 = 4*l, -4*m = 4*l - 88. Calculate the highest common divisor of l and t.
9
Suppose 3*y = 5*j - 229, 0 = 2*j + 8*y - 4*y - 50. What is the greatest common factor of j and 6929?
41
Let o = -115 + 119. Suppose o*h - 179 - 109 = 0. Suppose h - 20 = 4*u. Calculate the highest common factor of 91 and u.
13
Suppose -4 = 5*r - 7*r. Let y be 67 + (-3 - -1)/r. Suppose -4*f - 13 = -1, 4*f = 2*t - 24. Calculate the greatest common divisor of t and y.
6
Suppose n = -2*n + 576. Let i(s) = 2*s**2 + 71*s + 468. Let o be i(-28). Calculate the highest common divisor of o and n.
48
Let h = 11 - -6. Let z = 14167 - 13368. Calculate the highest common factor of h and z.
17
Suppose d + 4*d = -2*r + 1062, -6678 = -13*r + 5*d. What is the highest common factor of r and 10492?
172
Suppose -333 = -s + b, 5*b - 1665 = -5*s + b. Suppose 0 = -41*m - 44*m + 41*m + 396. What is the greatest common factor of s and m?
9
Suppose 51 = -8*l + 123. Suppose -4*x = 2*p - 1634, -413 = -10*x + l*x + p. What is the greatest common factor of x and 164?
82
Let s = 12975 - 5204. What is the greatest common divisor of 38 and s?
19
Let n(q) = -q**3 + 2*q**2 + 3*q. Let j be n(-2). Let t be (-9 - 2/(-2))/(-3 - -5). Let z be 75 - (9 + t + 0). What is the greatest common factor of z and j?
10
Let z(f) = 11*f**2 + 83*f + 87. Let u(n) = -5*n**2 - 41*n - 44. Let i(x) = -9*u(x) - 4*z(x). Let g be i(-36). Calculate the greatest common factor of g and 12.
12
Let l = -5 + 9. Let t be l/(-10) + 392/5. Let a = -1727310 - -1727316. Calculate the highest common divisor of t and a.
6
Let n = -170 + 168. Let v be 1*(-65)/26*(n + 0). What is the greatest common factor of v and 5?
5
Suppose 107 = c - 4*l, 0 = 10*c - 7*c + 2*l - 419. What is the greatest common factor of c and 105?
15
Suppose 0 = -3554*x + 3563*x - 13203. Calculate the highest common divisor of x and 99.
9
Let j(n) = -16*n**2 + 157*n - 18. Let v be j(7). Calculate the greatest common factor of v and 407.
11
Suppose 0 = 14*p - 3*p - 792. Let j(h) = -h**3 - 33*h**2 - 3*h + 21. Let o be j(-33). Calculate the greatest common factor of p and o.
24
Let q = 1586 + -1579. What is the highest common factor of 343 and q?
7
Suppose 384 = -12*p + 20*p. Suppose 4*q = p - 52. Let g be 155 + q + -3 + 2. Calculate the greatest common factor of 17 and g.
17
Suppose -k = -3*k + 4. Let s(v) = 44*v - 2492. Let n be s(57). Calculate the highest common divisor of n and k.
2
Suppose -d + 4*y + 1012 = 4*d, 0 = -5*d - 4*y + 1028. Suppose -s - 29 = -w + 4*s, -4*w - 2*s = -d. What is the highest common factor of w and 42?
7
Suppose 0 = -3*p - 6*u + 2*u + 92, -5*u = -5*p + 165. Let j(d) = -39 + p + 35 - d + 0*d. Let o be j(-7). Calculate the greatest common factor of o and 105.
35
Let r(x) = -x**3 + 11*x**2 + 15*x + 11. Let n be r(10). Let k be 289/10 + (-9)/(-90). Calculate the highest common divisor of k and n.
29
Let p be 49/21 - 2 - 67062/(-18). What is the highest common factor of p and 9?
9
Suppose -300 + 2625 = 31*q. Let y be 104/10 - ((-420)/q)/(-14). What is the greatest common factor of y and 10?
10
Let l(o) = 1510*o + 355. Let r be l(7). Calculate the highest common divisor of r and 190.
95
Let t = 113 + -118. Let r(b) = 2*b**2 + 7*b + 8. Let j be r(t). Calculate the greatest common divisor of j and 23.
23
Suppose 3*w - 12 = 0, w - 30 = y - 3*w. Let p = y - -16. Let d be (p/3)/((-5)/(-450)). Calculate the highest common factor of d and 40.
20
Let f(y) = -11*y**3 + 1. Let v be f(-1). Let r be (-104)/(-32)*6*40/6. Let x = r - -2. Calculate the highest common divisor of x and v.
12
Suppose 1099 + 4246 = 61*z + 465. What is the highest common factor of 650 and z?
10
Let s(q) = -q**2 - 7*q - 2. Let v be s(-2). Suppose 0 = 48*j - 28*j - 2000. Calculate the greatest common factor of v and j.
4
Let l(d) = 6*d + 137. Let m be l(-20). Let v = 56 + -25. Let j = v + m. Calculate the highest common divisor of j and 6.
6
Let t(d) = d**2 - 112*d + 5040. Let h be t(96). Calculate the highest common factor of 96 and h.
48
Let y = -659 - -660. Let o be -62*(520/(-16) - (-2)/y). Calculate the highest common divisor of 61 and o.
61
Let d(q) = -12*q - 20. Let l be d(9). Let s be (l/(-24))/(2/21). Let m be 3640/(-156)*(-6)/10. What is the highest common divisor of m and s?
14
Suppose 0 = 4*w + 3*p - 317, -33*p + 36*p + 163 = 2*w. What is the greatest common factor of w and 360?
40
Suppose v = -3*m + 171 + 312, -3*m - 9 = 0. Calculate the highest common divisor of 12 and v.
12
Let m(k) = -6*k**3 - 18*k**2 - 40*k - 6. Let a be m(-3). What is the greatest common divisor of 722 and a?
38
Suppose -150*o - 2*u + 442 = -145*o, 2*u = 2*o - 188. Calculate the greatest common divisor of 5625 and o.
45
Let k be 1 + (-1*(1 - 3))/2. Let h be 4 + -1 + 4 + 3 + 12. Calculate the highest common factor of h and k.
2
Suppose -2*c + 12 = -0*c. Let f be (-8 + 3 + 6)*(1 + 4). Suppose -4*y - u + 69 = 0, -6*y + f*y = -3*u - 27. What is the greatest common factor of y and c?
6
Suppose 7*c - 1376 = 367. Suppose -3*i + 188 = 3*h - i, -4*h - 3*i + c = 0. Let f = -43 + 87. Calculate the greatest common divisor of h and f.
22
Suppose 11*f = j - 25, 2*f - 56 = -5*j + 12. Suppose -4*p + 87 = -77. Let c = p - j. Calculate the highest common factor of 135 and c.
27
Suppose -4*i = -4*m + 4972, 21*i = -m + 16*i + 1237. Calculate the highest common divisor of 486 and m.
54
Suppose -2*s = 2*o - 342, -o + 20 = -2*s - 148. Calculate the highest common divisor of o and 320.
10
Suppose -37*w + 4092 + 6823 = 0. What is the highest common factor of 472 and w?
59
Suppose 0 = 130*v + 8017 - 40777. What is the highest common factor of 196 and v?
28
Suppose 8*v - 4*v = 88. Let r = 4 + v. Let p be ((-10)/4)/((-865)/1384). Calculate the highest common divisor of p and r.
2
Suppose -2*l + 0 = 28. Let u(j) = j**3 + 13*j**2 - 